e -3 - (-1 - (-3 + 1)).
-4
-1 - -6 - (10 - 9)
4
What is -8 + 4 + 0 + 3 + 9?
8
What is the value of -3 - 1 - (13 - 11)?
-6
Calculate 8 - (10 - 9) - 4.
3
Evaluate -1 + (-6 - (6 + -8)).
-5
What is the value of (1 + -1 - -1) + -3?
-2
What is (0 - 0) + (-1 + -4 - -6)?
1
Evaluate 7 + (1 - 1) + -3 - 0.
4
Calculate -16 + (5 - 2) + 3.
-10
Calculate 7 - (9 + 5 + -14).
7
What is (16 - (0 + 13)) + (-5 - -1)?
-1
Evaluate -2 + -2 - (-2 + 5 - 6).
-1
-6 + 4 + 4 + 1
3
(6 - 22) + 8 + 2
-6
What is (8 - (-10 - -17)) + 4?
5
Evaluate (2 - (-2 + -1)) + (3 - 9).
-1
Calculate (6 - 4 - 4) + 1.
-1
What is the value of 5 + (5 - (5 + 0)) - 1?
4
What is -2 + 1 + 3 + 0 + -1?
1
What is the value of 6 + (5 - -1) + -10?
2
(-6 - -1) + (3 - 1) + 6
3
Evaluate 0 + 4 + (-72 - -66).
-2
What is 8 + -2 - (-8 - (1 + -12))?
3
Calculate -11 - -4 - -3 - -4.
0
Calculate 0 - (-5 - (3 + -6 + -3)).
-1
-1 + 1 - (20 - 20)
0
Evaluate 6 + -1 + 7 + (1 - 19).
-6
Evaluate 3 - 23 - -7 - -3.
-10
Calculate -4 + 1 + -1 + -3 + 4.
-3
Evaluate 9 + -2 + -1 + -7 - 1.
-2
Calculate 1 + -5 + 6 + 2.
4
Calculate 0 + 0 - (-11 + 9) - 1.
1
What is -14 + 6 - (0 - 11 - -2)?
1
Evaluate 10 - (5 - 4) - 2.
7
What is the value of 2 - 0 - (26 + -24)?
0
What is (-8 - (2 - 3)) + 7?
0
Calculate 4 + -11 + 0 + 5.
-2
What is (0 - (-12 - -1)) + -51 + 45?
5
(12 + 1 - 4) + -4
5
Calculate -7 - ((4 - 9) + 1).
-3
What is the value of (-6 - (-6 - -6)) + 5?
-1
What is (-3 + 2 - (7 + -7)) + 3?
2
What is 0 - ((36 - 40) + (1 - -1))?
2
Evaluate 5 + -1 + 2 + (50 - 56).
0
Evaluate 0 - (3 + -4 - -2).
-1
Evaluate -7 - (-6 + 1) - -6.
4
What is 9 + 2 + (-1 - 1) + -6?
3
What is the value of (-6 - -2) + (9 - 1)?
4
Evaluate (6 - (7 + 10)) + 7 + -1.
-5
Calculate (3 - -1) + -1 - -2.
5
Calculate (-5 + -1 - -7) + 0 + -2.
-1
What is the value of 15 - 6 - (2 + 0) - 6?
1
Evaluate (-2 - (-7 - -2)) + -3.
0
What is (3 - 2 - 2) + (-64 - -58)?
-7
What is the value of 18 + -26 + (12 - 0)?
4
Calculate -1 + -5 + 3 + 12 + -2.
7
Calculate -5 + -6 + 21 + -7.
3
What is the value of 1 + -5 + 2 + -6 + 6?
-2
What is the value of (1 - -1) + (2 - 8) + 1?
-3
(2 - (-9 - -8 - -8)) + -5
-10
What is the value of -30 - -26 - (1 + -2)?
-3
(1 - -1) + (-1 + 2 - 1)
2
What is 9 - 3 - (-5 + 9)?
2
What is the value of -4 + 5 + -1 - 4?
-4
What is 2 + (-6 - (-2 - -7)) + 4?
-5
Calculate 1 - (-3 - (1 - 2) - 0).
3
What is the value of -3 - (-4 + -1 + 8) - -9?
3
What is the value of -3 + (3 + (2 - 8) - -2)?
-4
What is -7 + -1 - (3 + (-5 - 1))?
-5
Calculate -1 + 4 - (2 - (-4 + 1)).
-2
What is -1 - -2 - 8 - (11 - 17)?
-1
What is -12 + -2 - (-36 - -30)?
-8
What is the value of (-2 + 10 - -1) + -14?
-5
-1 - -9 - (-7 - (-15 - -10))
10
What is the value of (1 + 3 - 1) + (0 - 4)?
-1
What is the value of (-3 - -3) + 1 + 4?
5
-6 - ((-13 - -5) + -1) - -7
10
Evaluate -6 - (-1 + (-5 - -2)).
-2
What is the value of 0 + -3 + 3 - -4?
4
What is the value of (4 - -8) + -9 + 2?
5
What is the value of -1 + 0 - (29 + -27)?
-3
What is the value of -2 + 7 + (-1 + 4 - 4)?
4
What is (-36 - -27) + (6 - -1) + 10?
8
(-1 - -10) + (19 - 23)
5
What is (2 + -6 - (6 - 9)) + 4?
3
Calculate 1 + 1 + -1 + 3 + -3.
1
What is (-6 - -9) + -7 + 2?
-2
-3 + 7 - ((7 - 4) + 3)
-2
What is 4 - -2 - 4 - 5?
-3
Evaluate (-7 - 0) + (28 - 21).
0
Evaluate -15 + 3 - (10 + -14 + 0).
-8
0 - -2 - (-12 - -12)
2
What is 4 + (3 + -1 - 4) + -2?
0
Evaluate (1 - (-2 - -3)) + 0 + 0.
0
What is the value of -6 + (-1 - -4) + (-3 - -1)?
-5
Calculate -2 + 3 - (-7 - -7).
1
Evaluate -1 - (-9 + 6 - -2 - -3).
-3
2 - -5 - (5 + -1)
3
Evaluate 5 - ((-4 - -4) + 2).
3
What is 5 + -9 - 2 - -1?
-5
What is the value of -1 - ((1 - 3 - 0) + -3)?
4
4 - (5 + -1 + -1)
1
What is -8 - -3 - -9 - (1 + 1)?
2
Evaluate 1 + (-2 - (-4 + 10)) + 1.
-6
What is the value of 3 + -7 + -1 - 0 - -1?
-4
What is 4 + 6 + -6 + -4 + -1?
-1
Evaluate 8 - (6 + (-10 - -3)).
9
2 + 2 + (-12 - -12)
4
Evaluate 9 + -6 - 6 - 2.
-5
Calculate (-7 - -9) + 1 + -1.
2
-9 - (7 + -6 - (3 + 2))
-5
What is the value of 2 + (1 - 3) + -3 - -8?
5
Calculate 0 - ((18 - 13) + (-1 - 1)).
-3
-10 + 3 - -1 - -4
-2
1 + -4 + 11 + -11
-3
What is the value of 3 + (-3 - (-1 + 3))?
-2
What is -3 + 2 - (-6 - -2)?
3
What is (-4 - -8) + 3 - (3 - 0)?
4
What is the value of -7 - (-2 - -1 - 1)?
-5
What is (5 - 4) + (-1 - -5)?
5
-6 + 11 + (-6 + -1 - -2)
0
-3 + (5 - 9) + 1 + 2
-4
1 + (4 - (-1 - -5))
1
What is -5 - (4 + -4 + (0 - 5))?
0
What is the value of -4 - (-2 + 6 + -2) - -1?
-5
Evaluate -5 - (-2 - -7 - 5).
-5
What is the value of -1 - (2 + 0 - (-19 + 18))?
-4
What is the value of 3 - (3 - (-7 + 4))?
-3
What is (-3 - -5) + 1 - 3?
0
0 + -5 - (-50 - -51)
-6
Evaluate (10 - 2) + (-1 - 6).
1
Calculate -1 + 4 + -5 + 3.
1
What is the value of 4 + (-3 - (2 + 1 + -4))?
2
What is the value of 1 - (0 + 4 + -2) - 1?
-2
What is the value of 5 - 9 - -7 - 0?
3
Evaluate 6 - (4 - 0) - -2.
4
What is the value of 0 + -27 + 12 - -13?
-2
Calculate (4 - 4) + 3 + -4 + 2.
1
Calculate -2 - (6 - (7 + (1 - -2))).
2
-1 + -1 - (5 + -5 + 1)
-3
-1 - ((-1 - 1) + 0)
1
(-13 - -13) + (-2 - 0)
-2
Evaluate 15 + (-6 - 0) + -10.
-1
What is 8 + (7 - 10) + -2?
3
(-7 + 6 - (-2 + -4)) + 1
6
10 - 3 - 11 - -6
2
-1 + (0 - 2 - 2)
-5
Evaluate 1 + (-4 - (0 - 0)) + 8.
5
What is the value of -3 - 6 - 3 - -2 - -2?
-8
What is (-11 - 7) + 17 - (-2 + -2)?
3
What is the value of (-2 - 3) + 0 + 7 + -6?
-4
Evaluate (-9 - (2 - 4) - -1) + 3.
-3
Calculate 2 + -2 + 0 + -71 + 68.
-3
What is the value of (4 - 5) + 6 + (-3 - -1)?
3
Calculate 2 - (-3 + -3 + 5).
3
8 + -2 + (-17 - -11)
0
Calculate (6 + -5 - (3 - 1)) + -1.
-2
What is (-16 - (0 + -4)) + 1 + 5?
-6
Evaluate -9 - -1 - (-6 + (3 - -2)).
-7
What is the value of (-24 - (-10 - 2)) + 3?
-9
What is the value of (1 - 5) + 5 - (-2 + 0)?
3
Evaluate (-4 - (0 + -5) - 7) + 4.
-2
What is 10 + -1 + -279 + 280?
10
What is the value of -4 + 14 + (-5 + 4 - 1)?
8
What is (-4 - -1) + 16 + (-16 - -7)?
4
Evaluate 1 + (-4 - -1 - 3).
-5
Calculate -2 - (-2 - -2 - -1).
-3
What is -2 + (-18 - -10 - (0 - 5))?
-5
What is (1 - 0) + 0 - -5?
6
Evaluate 5 + (-5 - 5) + 7.
2
(-1 + 1 - 9) + 5 + -1
-5
Calculate 0 + (1 - -1 - 2).
0
1 - 0 - (-6 - (-2 + -5))
0
What is the value of -2 + 9 + (-1 - 2)?
4
What is the value of 1 + (1 - (1 - (4 + -3)))?
2
What is the value of -3 - (3 - (-8 + 3 + 15))?
4
Evaluate -2 + 2 + 3 + (-8 - -2).
-3
Evaluate -12 - ((6 - 9) + -4).
-5
What is the value of 4 + (-4 + 8 - (-9 - -13))?
4
What is the value of -2 + 3 + 4 - (-1 - -5)?
1
-8 + -1 - (0 - -2 - 6)
-5
What is (4 - 7) + 10 + -5 - 4?
-2
Calculate 0 + 7 + -6 - 5.
-4
Evaluate (-3 - (-14 - -4)) + -6.
1
Evaluate 6 - (-5 - (-3 + -4)).
4
3 - ((-2 - -1) + 1 + 1)
2
What is -5 + 7 + (-3 - (-2 + 3))?
-2
Calculate -13 + (-7 - (-32 + 7)).
5
What is (1 - (1 - 0)) + 1?
1
What is 0 + -5 + (6 - (6 + -3))?
-2
Calculate -13 + 22 + (-10 - -3).
2
What is the value of -3 - ((-3 - -7) + -2)?
-5
Evaluate -3 + -3 + 0 - -5.
-1
What is the value of 9 - (-5 + 10 + -6 + 5)?
5
What is 5 + 2 + (-6 - (-5 + 1))?
5
-3 - (2 - 6) - 5
-4
What is the value of -5 + 8 + (-4 - -1)?
0
8 - 5 - (5 + -5)
3
Calculate (4 - 7 - -10) + -5.
2
Evaluate -4 + 6 + -3 - (-5 + 0).
4
What is (-1 - (-2 - 2 - 2)) + 2?
7
What is -13 + -11 + 23 + -9?
-10
What is 4 + 2 - (-11 - -13)?
4
Evaluate 4 - 8 - (6 - 6 - 9).
5
What is the value of 4 - (-2 + 4 + 1)?
1
Evaluate 2 + -10 + (5 - (4 + -3)).
-4
Calculate 1 + 0 - (3 + (11 - 15)).
2
What is the value of (3 - 2 - (-1 + 2)) + 4?
4
Evaluate 1 + 17 + -20 + -1 + 3.
0
Calculate -7 + 0 - (-2 - (3 - 1)).
-3
Evaluate 4 - (4 - 3) - (4 + -4).
3
What is 0 + -8 + 3 + 3?
-2
5 - (6 + -2 - -1) - -7
7
Calculate 0 + 1 + 0 + -2.
-1
What is (7 - 15) + (9 - 4)?
-3
Calculate 4 - (-4 - -8) - 4.
-4
1 - (1 + (1 - -5) + -4)
-2
Calculate 0 - (-6 + 3 + 6).
-3
-3 - (1 - (-2 + (-4 - -5)))
-5
Evaluate -2 + (1 - -2) - (-16 - -14).
3
Calculate -25 - -23 - (-7 - -1).
4
-6 - (-8 + (-4 - -9))
-3
What is -7 - -11 - (7 - 2)?
-1
Calculate 21 - 28 - (-6 + 0).
-1
What is 1 + 23 + -21 + (-3 - -1)?
1
-2 + 1 + 3 + -3 + -3
-4
What is the value of 1 - 2 - (-2 + 1 + -1)?
1
12 - (2 - (8 - 12))
6
What is 11 + (-5 - (2 - 0))?
4
Evaluate 0 + -1 - (-59 - -58).
0
What is 0 + 0 + (9 - 14)?
-5
0 + (-3 + 0 - (-10 + 8))
-1
Calculate -7 - (-3 - -7 - 8).
-3
What is the value of 3 + (-9 - (-4 - 0))?
-2
Evaluate -8 - 2 - (-5 - -2).
-7
What is the value of 19 - (10